base 10, what is 5 + 2227?
2232
In base 5, what is 1011 - -131014?
132030
In base 16, what is 12 + -526?
-514
In base 16, what is 2 + -e97?
-e95
In base 3, what is -1010012112 - 21?
-1010012210
In base 10, what is 87736 - -10?
87746
In base 4, what is 230 - 21230?
-21000
In base 4, what is 203 + 100001?
100210
In base 13, what is 236 + -43cc?
-4196
In base 16, what is -37cdcf + -5?
-37cdd4
In base 3, what is -122112121212 + -12?
-122112122001
In base 5, what is -13144 + -24231?
-42430
In base 2, what is 11 - 10100001111101110001?
-10100001111101101110
In base 13, what is 2 - -54697?
54699
In base 10, what is 0 + -36643?
-36643
In base 12, what is 17795 + -5?
17790
In base 14, what is -4ac + cb0?
802
In base 5, what is 4111 + 1444?
11110
In base 6, what is 132523 + -2?
132521
In base 13, what is 11c9 + 259?
1455
In base 15, what is 13 - -5cb?
5de
In base 4, what is -201111200 + 21?
-201111113
In base 10, what is 13222 - 7?
13215
In base 5, what is -44303 - 343?
-100201
In base 13, what is -1 - -662?
661
In base 6, what is -435415 + 0?
-435415
In base 2, what is -1000 - -101100010000?
101100001000
In base 16, what is 491b - -5?
4920
In base 2, what is 11011 - 10011101?
-10000010
In base 10, what is -1462 + -33?
-1495
In base 12, what is 71745 + 5?
7174a
In base 5, what is 0 + -12040?
-12040
In base 6, what is -5 + 35541504?
35541455
In base 3, what is -2020112001 - 12?
-2020112020
In base 10, what is 149331 + 1?
149332
In base 4, what is 32 - -1321131?
1321223
In base 15, what is 1 - 9276?
-9275
In base 15, what is 35e89 + 3?
35e8c
In base 9, what is -11663 + -16?
-11680
In base 2, what is -101100111 + 100101101?
-111010
In base 8, what is -16 - -1330?
1312
In base 10, what is 606185 - -4?
606189
In base 10, what is -202 + 4180?
3978
In base 16, what is -2 - 88a?
-88c
In base 11, what is 5 - -a9523?
a9528
In base 2, what is -100010 + -1101001?
-10001011
In base 5, what is 13 + -30022?
-30004
In base 6, what is -3515435 + 10?
-3515425
In base 13, what is 2938 - -36?
2971
In base 6, what is 4 - 15312540?
-15312532
In base 15, what is -6edc + -33?
-7020
In base 10, what is 22501 + -63?
22438
In base 7, what is -13 - 315023?
-315036
In base 15, what is 1839c + 6?
183a3
In base 14, what is 4 + -2db3b?
-2db37
In base 8, what is -1255 - 1403?
-2660
In base 13, what is -31cc4 - 7?
-31ccb
In base 2, what is -1 + -11110100010?
-11110100011
In base 14, what is -230 + 1?
-22d
In base 12, what is -363a - -29?
-3611
In base 4, what is -2 - -13210031?
13210023
In base 11, what is -582452 - 2?
-582454
In base 16, what is 9f - -d3?
172
In base 9, what is 1843 - 0?
1843
In base 12, what is 4412a - 64?
44086
In base 12, what is 20 - 223?
-203
In base 7, what is 21205101 + -2?
21205066
In base 15, what is -6432 - 1?
-6433
In base 8, what is 2347233 + -15?
2347216
In base 14, what is -11 - -b45b?
b44a
In base 9, what is 38250 - 5?
38244
In base 8, what is 12 + 61550?
61562
In base 7, what is 301 - -56512?
60113
In base 7, what is -312 - -4012?
3400
In base 12, what is -3415 + 19?
-33b8
In base 10, what is -225 - 132?
-357
In base 8, what is -67 + 3453?
3364
In base 16, what is -4 - 4824?
-4828
In base 12, what is -2360 + 55?
-2307
In base 15, what is -10 - 3?
-13
In base 10, what is 137 + -108?
29
In base 2, what is -1111111100 - 101000100?
-10101000000
In base 16, what is -72 + 10e?
9c
In base 11, what is -3a81 - -3?
-3a79
In base 14, what is -b5 - ca?
-1a1
In base 12, what is 4 - 1679?
-1675
In base 11, what is -162 - -3a5?
243
In base 5, what is 12 + 13002044?
13002111
In base 5, what is -4 - -211423232?
211423223
In base 13, what is 3 + 2b98?
2b9b
In base 8, what is 1144 - 6?
1136
In base 16, what is 77f + 128?
8a7
In base 15, what is 1c + 2b37?
2b54
In base 11, what is 22913 + 0?
22913
In base 13, what is 7ab + -15?
796
In base 3, what is 1001112022 - 10?
1001112012
In base 8, what is -131205 - 2?
-131207
In base 11, what is -1 + 82890?
8288a
In base 16, what is 1 - -f0d35?
f0d36
In base 4, what is -230 - -111010231?
111010001
In base 5, what is -1332202322 + -4?
-1332202331
In base 3, what is 12 + 10201021212220?
10201021220002
In base 5, what is -10 + 31012324?
31012314
In base 10, what is -5 - -545856?
545851
In base 4, what is 12002110 - 3232?
11332212
In base 6, what is -5 - -30440?
30431
In base 9, what is -21227 - -15?
-21212
In base 2, what is -1110101110010 + -1001001100?
-1111110111110
In base 6, what is -53152 + -50?
-53242
In base 14, what is 0 + 59d84?
59d84
In base 4, what is 113113020 + -312?
113112102
In base 4, what is -3332 + -232332?
-302330
In base 11, what is -1a8 - 87?
-284
In base 4, what is -122 + 2112202?
2112020
In base 11, what is -352 - -20?
-332
In base 14, what is -102 - 16db?
-17dd
In base 10, what is 150305 + -2?
150303
In base 6, what is 1054225 - 3?
1054222
In base 2, what is -1000001 - 1001101?
-10001110
In base 4, what is -1323322 - 23?
-1330011
In base 12, what is 44849 - -4?
44851
In base 10, what is 16171 - 22?
16149
In base 15, what is -5 + -4bb22?
-4bb27
In base 10, what is -480 - 465?
-945
In base 7, what is 155 - -220243?
220431
In base 12, what is 4b9 + 138?
635
In base 9, what is -12036 + -16?
-12053
In base 14, what is -149894 - 0?
-149894
In base 7, what is 2 + -1135253?
-1135251
In base 12, what is -3 - 4414?
-4417
In base 3, what is 21100001 - -20?
21100021
In base 2, what is -1111011100 - 1000000?
-10000011100
In base 13, what is 4c + 484?
503
In base 11, what is 7a - 2241?
-2172
In base 14, what is 5 + 8451d?
84524
In base 6, what is 333400 - 245?
333111
In base 9, what is -105 + 1303?
1187
In base 7, what is 445 + -132?
313
In base 7, what is -42 + 1525?
1453
In base 10, what is 5 + -242103?
-242098
In base 3, what is -1110202 + -1210?
-1112112
In base 6, what is -4 + 110213?
110205
In base 7, what is -3 + 24346?
24343
In base 5, what is 10 - -4422223?
4422233
In base 14, what is -b88b + -2?
-b88d
In base 13, what is 92 + 5259?
531b
In base 5, what is -2331031 - -1?
-2331030
In base 16, what is -1ff3 - 5?
-1ff8
In base 6, what is -34555430 + -4?
-34555434
In base 8, what is -74565 + 1?
-74564
In base 11, what is -28455 + 0?
-28455
In base 12, what is -5 + 13867?
13862
In base 4, what is -3231 + -3233?
-13130
In base 16, what is 4d - 9dd2?
-9d85
In base 5, what is -114441 + -134?
-120130
In base 5, what is -32300422 - 1?
-32300423
In base 16, what is -71 - 4689?
-46fa
In base 13, what is 187c7 - -2?
187c9
In base 4, what is 2 + 122211113?
122211121
In base 12, what is 3 + -1107?
-1104
In base 4, what is -200131 - -122?
-200003
In base 13, what is 9cc78 - -5?
9cc80
In base 7, what is -26164 + 352?
-25512
In base 12, what is 675 + 1830?
22a5
In base 8, what is -16 + 347?
331
In base 11, what is 33773 - -19?
33791
In base 4, what is 21 - 3023212?
-3023131
In base 12, what is -3 - b2b9?
-b300
In base 15, what is -4 - 4386?
-438a
In base 3, what is 110211 - 212?
102222
In base 10, what is 7374 + 7?
7381
In base 5, what is 4 + 21430232?
21430241
In base 14, what is 0 - -11c66?
11c66
In base 9, what is 21037 - 3?
21034
In base 14, what is 32 - 2550?
-251c
In base 8, what is -52307 - 0?
-52307
In base 6, what is -1143013 - 34?
-1143051
In base 2, what is 100011001010 - 1001?
100011000001
In base 4, what is 331313 + 13133?
1011112
In base 9, what is 7638 - -22?
7661
In base 15, what is -45 + -275a?
-27a0
In base 14, what is 178b90 + -2?
178b8c
In base 11, what is -2 + 68900?
688a9
In base 6, what is 2212 - 112315?
-110103
In base 11, what is 18a5a5 + 4?
18a5a9
In base 11, what is 110584 + 0?
110584
In base 8, what is -12 - 17136?
-17150
In base 15, what is c - -198a?
1997
In base 5, what is 22114 - 2314?
14300
In base 5, what is 233 + -1243?
-1010
In base 14, what is 209 + 2c23?
302c
In base 11, what is -30 - -16a2?
1672
In base 7, what is -5 - 236256?
-236264
In base 6, what is 525 - 432?
53
In base 13, what is 23a + -6?
234
In base 7, what is -420 - -134?
-253
In base 2, what is 11000001001100101110 + 11?
11000001001100110001
In base 11, what is 2 - 360?
-359
In base 14, what is 261 + 22?
283
In base 14, what is d64 + -1a?
d48
In base 2, what is 1001010111111 + 111110?
1001011111101
In base 15, what is -4 - -68952?
6894d
In base 4, what is -10 + -11113111?
-11113121
In base 8, what is -1561025 + 4?
-1561021
In ba